ommon factor of 722 and 412037819.
361
Calculate the greatest common divisor of 19502294 and 2744.
686
Calculate the greatest common divisor of 33284 and 1455274.
106
Calculate the highest common factor of 2842 and 8036.
98
Calculate the highest common divisor of 141 and 73143985.
47
What is the highest common divisor of 183739 and 4214?
43
Calculate the highest common factor of 220 and 320960.
20
What is the highest common factor of 53125 and 90500?
125
What is the greatest common factor of 20373590 and 22190?
3170
What is the highest common factor of 196 and 3114916?
28
Calculate the highest common factor of 32 and 10745136.
16
What is the highest common factor of 28483 and 1014433?
2191
Calculate the highest common divisor of 22115 and 269055.
5
Calculate the greatest common factor of 281170 and 865278.
1814
Calculate the highest common divisor of 2921 and 2979282.
23
Calculate the highest common factor of 8682619 and 9911.
583
What is the greatest common factor of 12 and 62023908?
12
What is the highest common factor of 73754164 and 2756?
212
Calculate the greatest common factor of 67744 and 68962.
58
Calculate the highest common divisor of 3564 and 1514304.
396
Calculate the highest common factor of 6003 and 11947971.
2001
What is the highest common divisor of 113039613 and 204?
51
What is the greatest common divisor of 22 and 20763094?
22
What is the highest common factor of 9724 and 8102880?
68
What is the greatest common divisor of 16752 and 928689?
1047
What is the highest common factor of 4869133 and 13389?
4463
Calculate the greatest common divisor of 424988 and 20.
4
Calculate the highest common factor of 634892387 and 20961.
2329
Calculate the highest common divisor of 443424618 and 9.
9
What is the highest common factor of 67518377 and 2923?
2923
What is the greatest common factor of 385319 and 14789?
23
What is the highest common divisor of 1291895 and 1430?
55
Calculate the greatest common factor of 308482 and 207995.
17
What is the greatest common divisor of 83583 and 2584265?
37
Calculate the greatest common divisor of 28691 and 2798476.
2207
Calculate the greatest common factor of 16133171 and 1.
1
Calculate the greatest common divisor of 453392 and 5461.
43
Calculate the highest common factor of 3478 and 2789134.
74
Calculate the highest common factor of 954 and 9429786.
18
Calculate the highest common divisor of 323 and 37536578.
17
What is the greatest common factor of 950920 and 352?
8
What is the highest common divisor of 30147 and 3097411?
773
What is the greatest common divisor of 24702 and 1080402?
138
What is the highest common divisor of 483 and 40189142?
161
Calculate the greatest common factor of 78621 and 5643121.
359
What is the greatest common divisor of 2299460 and 260?
20
What is the greatest common factor of 10752 and 39144?
168
Calculate the greatest common factor of 9859844 and 2419.
2419
Calculate the greatest common divisor of 691174 and 6001.
353
Calculate the greatest common divisor of 24512 and 6462359.
383
Calculate the greatest common factor of 267 and 193225497.
267
What is the greatest common factor of 3782 and 349481383?
1891
Calculate the highest common divisor of 47464 and 384200.
136
Calculate the greatest common factor of 12860538 and 57469.
569
What is the greatest common divisor of 1148674261 and 7?
7
Calculate the highest common factor of 71960836 and 6.
2
Calculate the highest common factor of 932668 and 3846292.
7708
What is the highest common divisor of 1861004 and 13184?
412
Calculate the greatest common divisor of 70547 and 3337.
47
Calculate the greatest common divisor of 346265 and 1242.
23
Calculate the greatest common divisor of 236 and 93300653.
59
Calculate the highest common factor of 201112681 and 847.
77
Calculate the greatest common factor of 154 and 1266727.
77
What is the greatest common divisor of 1264808 and 89984?
296
Calculate the greatest common factor of 1056278 and 95880.
1598
Calculate the greatest common factor of 13758 and 8934.
6
What is the greatest common divisor of 69805 and 745?
5
What is the greatest common divisor of 604 and 19908293?
151
What is the highest common divisor of 2 and 326183554?
2
What is the greatest common divisor of 399411924 and 1542?
1542
What is the highest common factor of 68820 and 593340?
1860
Calculate the highest common divisor of 282 and 13020222.
282
What is the greatest common factor of 98779431 and 1294?
647
What is the greatest common factor of 64 and 130034080?
32
What is the highest common divisor of 20206763 and 1?
1
What is the greatest common divisor of 2787 and 21819423?
2787
Calculate the highest common divisor of 1698364 and 28100.
1124
Calculate the greatest common divisor of 370818 and 2284422.
4578
Calculate the highest common factor of 231 and 2945283.
33
What is the greatest common factor of 10896491 and 4453?
4453
Calculate the greatest common factor of 3425943 and 194.
97
What is the highest common divisor of 150 and 48148125?
75
Calculate the highest common divisor of 21480 and 184570.
10
What is the greatest common divisor of 905680566 and 126?
126
What is the highest common factor of 282 and 26702157?
141
What is the highest common divisor of 10250 and 2799972?
82
What is the highest common divisor of 29 and 5165613?
1
Calculate the greatest common divisor of 1021472 and 992.
32
What is the highest common factor of 30451 and 25863?
37
What is the greatest common divisor of 527196768 and 2016?
672
What is the highest common divisor of 228 and 6424260?
12
What is the highest common divisor of 6179488 and 7056?
784
What is the greatest common divisor of 3502941 and 416?
13
What is the greatest common divisor of 3881223 and 387?
387
What is the greatest common divisor of 124 and 7264354?
62
What is the highest common divisor of 55971 and 432?
27
What is the greatest common factor of 621 and 113291721?
207
What is the greatest common factor of 1281 and 2959873?
7
Calculate the highest common factor of 242456708 and 184.
92
Calculate the highest common divisor of 1609797 and 9209791.
10951
What is the greatest common divisor of 80 and 2994000?
80
Calculate the greatest common divisor of 762 and 411530038.
254
What is the highest common divisor of 16 and 174540576?
16
What is the greatest common factor of 128 and 56027456?
64
What is the highest common divisor of 852600 and 1711?
29
What is the highest common divisor of 6339 and 5855123?
2113
What is the greatest common divisor of 6060 and 37302936?
1212
What is the highest common divisor of 108432 and 502416?
432
What is the highest common divisor of 96 and 353498856?
24
What is the highest common divisor of 14584 and 98314390?
3646
What is the greatest common factor of 16 and 173273952?
16
Calculate the greatest common divisor of 61 and 88697233.
61
Calculate the greatest common factor of 292050 and 20.
10
What is the highest common divisor of 5409 and 15398822?
601
What is the highest common factor of 966 and 18542853?
483
What is the highest common divisor of 170 and 5763952?
34
What is the greatest common divisor of 1110 and 3120395?
185
Calculate the highest common factor of 336 and 23980614.
42
What is the greatest common factor of 26032261 and 57?
19
Calculate the greatest common factor of 75278190 and 7410.
7410
What is the highest common factor of 38225 and 40619275?
3475
What is the highest common factor of 809499 and 13197?
249
Calculate the highest common divisor of 277372 and 1700.
68
What is the highest common divisor of 2350148 and 21386?
578
Calculate the greatest common divisor of 432 and 8270288.
16
What is the highest common factor of 336693741 and 3741?
3741
Calculate the greatest common factor of 62856 and 2686512.
2328
What is the highest common factor of 390864 and 76161?
1437
Calculate the highest common divisor of 13615525 and 154.
77
What is the greatest common factor of 166590496 and 96?
32
What is the greatest common divisor of 12218495 and 379440?
2635
Calculate the highest common factor of 1926 and 42318.
18
What is the greatest common divisor of 5335 and 407400?
485
What is the greatest common divisor of 29 and 800254304?
29
What is the greatest common divisor of 528 and 18398721?
33
What is the highest common factor of 5611118 